Login | Register For Free | Help
Search for: (Advanced)

Mailing List Archive: Xen: Devel

[qemu-upstream-unstable test] 13052: regressions - FAIL

 

 

Xen devel RSS feed   Index | Next | Previous | View Threaded


ian.jackson at eu

Jun 15, 2012, 10:55 PM

Post #1 of 1 (89 views)
Permalink
[qemu-upstream-unstable test] 13052: regressions - FAIL

flight 13052 qemu-upstream-unstable real [real]
http://www.chiark.greenend.org.uk/~xensrcts/logs/13052/

Regressions :-(

Tests which did not succeed and are blocking,
including tests which could not be run:
build-amd64-oldkern 4 xen-build fail REGR. vs. 12957

Regressions which are regarded as allowable (not blocking):
test-amd64-amd64-xl-qemuu-win7-amd64 11 guest-localmigrate.2 fail like 12957

Tests which did not succeed, but are not blocking:
test-amd64-i386-qemuu-rhel6hvm-intel 11 leak-check/check fail never pass
test-amd64-i386-qemuu-rhel6hvm-amd 11 leak-check/check fail never pass
test-amd64-i386-xl-qemuu-win-vcpus1 13 guest-stop fail never pass
test-amd64-i386-xend-qemuu-winxpsp3 16 leak-check/check fail never pass
test-amd64-amd64-xl-qemuu-winxpsp3 13 guest-stop fail never pass
test-amd64-amd64-xl-qemuu-win 13 guest-stop fail never pass
test-i386-i386-qemuu-win 16 leak-check/check fail never pass
test-amd64-i386-xl-qemuu-win7-amd64 13 guest-stop fail never pass
test-amd64-i386-xl-qemuu-winxpsp3-vcpus1 13 guest-stop fail never pass
test-amd64-i386-qemuu-win-vcpus1 16 leak-check/check fail never pass
test-amd64-i386-qemuu-win 16 leak-check/check fail never pass
test-i386-i386-xl-qemuu-winxpsp3 13 guest-stop fail never pass
test-amd64-amd64-qemuu-win 16 leak-check/check fail never pass
test-i386-i386-xl-qemuu-win 13 guest-stop fail never pass

version targeted for testing:
qemuu f7f8c33cd49885d69efc2e5f7f9a613d631762e2
baseline version:
qemuu 6d8b472233779c2a028a03843603030d2b1aee86

jobs:
build-amd64 pass
build-i386 pass
build-amd64-oldkern fail
build-i386-oldkern pass
build-amd64-pvops pass
build-i386-pvops pass
test-amd64-i386-qemuu-rhel6hvm-amd fail
test-amd64-amd64-xl-qemuu-win7-amd64 fail
test-amd64-i386-xl-qemuu-win7-amd64 fail
test-amd64-i386-qemuu-rhel6hvm-intel fail
test-amd64-i386-qemuu-win-vcpus1 fail
test-amd64-i386-xl-qemuu-win-vcpus1 fail
test-amd64-i386-xl-qemuu-winxpsp3-vcpus1 fail
test-amd64-amd64-qemuu-win fail
test-amd64-i386-qemuu-win fail
test-i386-i386-qemuu-win fail
test-amd64-amd64-xl-qemuu-win fail
test-i386-i386-xl-qemuu-win fail
test-amd64-i386-xend-qemuu-winxpsp3 fail
test-amd64-amd64-xl-qemuu-winxpsp3 fail
test-i386-i386-xl-qemuu-winxpsp3 fail


------------------------------------------------------------
sg-report-flight on woking.cam.xci-test.com
logs: /home/xc_osstest/logs
images: /home/xc_osstest/images

Logs, config files, etc. are available at
http://www.chiark.greenend.org.uk/~xensrcts/logs

Test harness code can be found at
http://xenbits.xensource.com/gitweb?p=osstest.git;a=summary


Not pushing.


_______________________________________________
Xen-devel mailing list
Xen-devel [at] lists
http://lists.xen.org/xen-devel

Xen devel RSS feed   Index | Next | Previous | View Threaded
 
 


Interested in having your list archived? Contact Gossamer Threads
 
  Web Applications & Managed Hosting Powered by Gossamer Threads Inc.