Login | Register For Free | Help
Search for: (Advanced)

Mailing List Archive: Xen: Devel

[xen-4.0-testing test] 12772: regressions - trouble: blocked/broken/fail/pass

 

 

Xen devel RSS feed   Index | Next | Previous | View Threaded


ian.jackson at eu

May 1, 2012, 8:19 PM

Post #1 of 1 (49 views)
Permalink
[xen-4.0-testing test] 12772: regressions - trouble: blocked/broken/fail/pass

flight 12772 xen-4.0-testing real [real]
http://www.chiark.greenend.org.uk/~xensrcts/logs/12772/

Regressions :-(

Tests which did not succeed and are blocking,
including tests which could not be run:
test-i386-i386-pv 3 host-install(3) broken REGR. vs. 12707
test-amd64-i386-qemuu-rhel6hvm-amd 3 host-install(3) broken REGR. vs. 12707
test-amd64-i386-pv 3 host-install(3) broken REGR. vs. 12707
build-amd64-pvops 2 host-install(2) broken REGR. vs. 12707
build-amd64-oldkern 2 host-install(2) broken REGR. vs. 12707
test-amd64-amd64-xl-winxpsp3 5 xen-boot fail in 12769 REGR. vs. 12707
test-amd64-amd64-pv 3 host-install(3) broken in 12769 REGR. vs. 12707

Tests which are failing intermittently (not blocking):
test-i386-i386-xl 9 guest-start fail pass in 12769
test-amd64-i386-xl-credit2 3 host-install(3) broken in 12769 pass in 12772
test-amd64-i386-rhel6hvm-amd 3 host-install(3) broken in 12769 pass in 12772

Tests which did not succeed, but are not blocking:
test-amd64-amd64-xl-winxpsp3 1 xen-build-check(1) blocked n/a
test-amd64-amd64-xl-pcipt-intel 1 xen-build-check(1) blocked n/a
test-amd64-i386-xl-multivcpu 15 guest-stop fail never pass
test-amd64-amd64-pv 1 xen-build-check(1) blocked n/a
test-amd64-i386-xl-credit2 15 guest-stop fail never pass
test-amd64-amd64-xl 1 xen-build-check(1) blocked n/a
test-amd64-amd64-xl-sedf-pin 1 xen-build-check(1) blocked n/a
test-amd64-i386-xl 15 guest-stop fail never pass
test-amd64-amd64-pair 1 xen-build-check(1) blocked n/a
test-amd64-amd64-xl-sedf 1 xen-build-check(1) blocked n/a
test-amd64-amd64-xl-qemuu-win7-amd64 1 xen-build-check(1) blocked n/a
test-amd64-i386-rhel6hvm-amd 7 redhat-install fail never pass
test-amd64-amd64-xl-win7-amd64 1 xen-build-check(1) blocked n/a
test-amd64-i386-xl-win7-amd64 8 guest-saverestore fail never pass
test-amd64-i386-rhel6hvm-intel 7 redhat-install fail never pass
test-amd64-i386-qemuu-rhel6hvm-intel 7 redhat-install fail never pass
test-i386-i386-win 16 leak-check/check fail never pass
test-amd64-i386-win-vcpus1 16 leak-check/check fail never pass
test-amd64-i386-win 16 leak-check/check fail never pass
test-amd64-i386-xend-winxpsp3 16 leak-check/check fail never pass
test-amd64-amd64-win 1 xen-build-check(1) blocked n/a
test-i386-i386-xl-win 7 windows-install fail never pass
test-i386-i386-xl-qemuu-winxpsp3 7 windows-install fail never pass
test-amd64-i386-xl-winxpsp3-vcpus1 7 windows-install fail never pass
test-i386-i386-xl-winxpsp3 7 windows-install fail never pass
test-amd64-amd64-xl-qemuu-winxpsp3 1 xen-build-check(1) blocked n/a
test-amd64-amd64-xl-win 1 xen-build-check(1) blocked n/a
test-amd64-i386-xl-win-vcpus1 7 windows-install fail never pass
test-amd64-amd64-xl-pcipt-intel 8 debian-fixup fail in 12769 never pass
test-i386-i386-xl 15 guest-stop fail in 12769 never pass
test-amd64-amd64-xl 15 guest-stop fail in 12769 never pass
test-amd64-amd64-xl-sedf-pin 15 guest-stop fail in 12769 never pass
test-amd64-amd64-xl-sedf 15 guest-stop fail in 12769 never pass
test-amd64-amd64-xl-qemuu-win7-amd64 8 guest-saverestore fail in 12769 never pass
test-amd64-amd64-xl-win7-amd64 8 guest-saverestore fail in 12769 never pass
test-amd64-amd64-win 16 leak-check/check fail in 12769 never pass
test-amd64-amd64-xl-qemuu-winxpsp3 7 windows-install fail in 12769 never pass
test-amd64-amd64-xl-win 7 windows-install fail in 12769 never pass

version targeted for testing:
xen d8fd425b60d3
baseline version:
xen 4e446ac2c6de

jobs:
build-amd64 pass
build-i386 pass
build-amd64-oldkern broken
build-i386-oldkern pass
build-amd64-pvops broken
build-i386-pvops pass
test-amd64-amd64-xl blocked
test-amd64-i386-xl fail
test-i386-i386-xl fail
test-amd64-i386-rhel6hvm-amd fail
test-amd64-i386-qemuu-rhel6hvm-amd broken
test-amd64-amd64-xl-qemuu-win7-amd64 blocked
test-amd64-amd64-xl-win7-amd64 blocked
test-amd64-i386-xl-win7-amd64 fail
test-amd64-i386-xl-credit2 fail
test-amd64-amd64-xl-pcipt-intel blocked
test-amd64-i386-rhel6hvm-intel fail
test-amd64-i386-qemuu-rhel6hvm-intel fail
test-amd64-i386-xl-multivcpu fail
test-amd64-amd64-pair blocked
test-amd64-i386-pair pass
test-i386-i386-pair pass
test-amd64-amd64-xl-sedf-pin blocked
test-amd64-amd64-pv blocked
test-amd64-i386-pv broken
test-i386-i386-pv broken
test-amd64-amd64-xl-sedf blocked
test-amd64-i386-win-vcpus1 fail
test-amd64-i386-xl-win-vcpus1 fail
test-amd64-i386-xl-winxpsp3-vcpus1 fail
test-amd64-amd64-win blocked
test-amd64-i386-win fail
test-i386-i386-win fail
test-amd64-amd64-xl-win blocked
test-i386-i386-xl-win fail
test-amd64-amd64-xl-qemuu-winxpsp3 blocked
test-i386-i386-xl-qemuu-winxpsp3 fail
test-amd64-i386-xend-winxpsp3 fail
test-amd64-amd64-xl-winxpsp3 blocked
test-i386-i386-xl-winxpsp3 fail


------------------------------------------------------------
sg-report-flight on woking.cam.xci-test.com
logs: /home/xc_osstest/logs
images: /home/xc_osstest/images

Logs, config files, etc. are available at
http://www.chiark.greenend.org.uk/~xensrcts/logs

Test harness code can be found at
http://xenbits.xensource.com/gitweb?p=osstest.git;a=summary


Not pushing.


_______________________________________________
Xen-devel mailing list
Xen-devel [at] lists
http://lists.xen.org/xen-devel

Xen devel RSS feed   Index | Next | Previous | View Threaded
 
 


Interested in having your list archived? Contact Gossamer Threads
 
  Web Applications & Managed Hosting Powered by Gossamer Threads Inc.