Login | Register For Free | Help
Search for: (Advanced)

Mailing List Archive: Xen: Devel

[linux-3.0 test] 12764: regressions - trouble: broken/fail/pass

 

 

Xen devel RSS feed   Index | Next | Previous | View Threaded


ian.jackson at eu

Apr 29, 2012, 10:30 AM

Post #1 of 1 (98 views)
Permalink
[linux-3.0 test] 12764: regressions - trouble: broken/fail/pass

flight 12764 linux-3.0 real [real]
http://www.chiark.greenend.org.uk/~xensrcts/logs/12764/

Regressions :-(

Tests which did not succeed and are blocking,
including tests which could not be run:
test-i386-i386-xl 5 xen-boot fail REGR. vs. 12694
test-amd64-i386-pv 5 xen-boot fail REGR. vs. 12694
test-amd64-i386-xl-multivcpu 5 xen-boot fail REGR. vs. 12694
test-amd64-i386-rhel6hvm-amd 5 xen-boot fail REGR. vs. 12694
test-i386-i386-pv 5 xen-boot fail in 12762 REGR. vs. 12694

Tests which are failing intermittently (not blocking):
test-i386-i386-pv 3 host-install(3) broken pass in 12762
test-amd64-i386-xl-winxpsp3-vcpus1 3 host-install(3) broken pass in 12762
test-amd64-amd64-xl-sedf 12 guest-saverestore.2 fail in 12762 pass in 12764

Tests which did not succeed, but are not blocking:
test-amd64-amd64-xl-pcipt-intel 8 debian-fixup fail never pass
test-amd64-i386-qemuu-rhel6hvm-amd 9 guest-start.2 fail never pass
test-amd64-i386-qemuu-rhel6hvm-intel 9 guest-start.2 fail never pass
test-amd64-amd64-xl-winxpsp3 13 guest-stop fail never pass
test-amd64-i386-xend-winxpsp3 16 leak-check/check fail never pass
test-amd64-amd64-xl-win7-amd64 13 guest-stop fail never pass
test-i386-i386-xl-qemuu-winxpsp3 8 guest-saverestore fail never pass
test-amd64-amd64-xl-qemuu-win7-amd64 8 guest-saverestore fail never pass
test-amd64-amd64-xl-qemuu-winxpsp3 8 guest-saverestore fail never pass
test-amd64-i386-win-vcpus1 16 leak-check/check fail never pass
test-amd64-i386-win 16 leak-check/check fail never pass
test-amd64-i386-xl-win7-amd64 13 guest-stop fail never pass
test-i386-i386-win 16 leak-check/check fail never pass
test-amd64-i386-xl-win-vcpus1 13 guest-stop fail never pass
test-i386-i386-xl-win 13 guest-stop fail never pass
test-i386-i386-xl-winxpsp3 13 guest-stop fail never pass
test-amd64-amd64-win 16 leak-check/check fail never pass
test-amd64-amd64-xl-win 13 guest-stop fail never pass
test-amd64-i386-xl-winxpsp3-vcpus1 13 guest-stop fail in 12762 never pass

version targeted for testing:
linux f1c84a5cb52ee2915457b481c756fcc1dfe6a471
baseline version:
linux 0527fde0639955203ad48a9fd83bd6fc35e82e07

jobs:
build-amd64 pass
build-i386 pass
build-amd64-pvops pass
build-i386-pvops pass
test-amd64-amd64-xl pass
test-amd64-i386-xl pass
test-i386-i386-xl fail
test-amd64-i386-rhel6hvm-amd fail
test-amd64-i386-qemuu-rhel6hvm-amd fail
test-amd64-amd64-xl-qemuu-win7-amd64 fail
test-amd64-amd64-xl-win7-amd64 fail
test-amd64-i386-xl-win7-amd64 fail
test-amd64-i386-xl-credit2 pass
test-amd64-amd64-xl-pcipt-intel fail
test-amd64-i386-rhel6hvm-intel pass
test-amd64-i386-qemuu-rhel6hvm-intel fail
test-amd64-i386-xl-multivcpu fail
test-amd64-amd64-pair pass
test-amd64-i386-pair pass
test-i386-i386-pair pass
test-amd64-amd64-xl-sedf-pin pass
test-amd64-amd64-pv pass
test-amd64-i386-pv fail
test-i386-i386-pv broken
test-amd64-amd64-xl-sedf pass
test-amd64-i386-win-vcpus1 fail
test-amd64-i386-xl-win-vcpus1 fail
test-amd64-i386-xl-winxpsp3-vcpus1 broken
test-amd64-amd64-win fail
test-amd64-i386-win fail
test-i386-i386-win fail
test-amd64-amd64-xl-win fail
test-i386-i386-xl-win fail
test-amd64-amd64-xl-qemuu-winxpsp3 fail
test-i386-i386-xl-qemuu-winxpsp3 fail
test-amd64-i386-xend-winxpsp3 fail
test-amd64-amd64-xl-winxpsp3 fail
test-i386-i386-xl-winxpsp3 fail


------------------------------------------------------------
sg-report-flight on woking.cam.xci-test.com
logs: /home/xc_osstest/logs
images: /home/xc_osstest/images

Logs, config files, etc. are available at
http://www.chiark.greenend.org.uk/~xensrcts/logs

Test harness code can be found at
http://xenbits.xensource.com/gitweb?p=osstest.git;a=summary


Not pushing.


_______________________________________________
Xen-devel mailing list
Xen-devel [at] lists
http://lists.xen.org/xen-devel

Xen devel RSS feed   Index | Next | Previous | View Threaded
 
 


Interested in having your list archived? Contact Gossamer Threads
 
  Web Applications & Managed Hosting Powered by Gossamer Threads Inc.