Login | Register For Free | Help
Search for: (Advanced)

Mailing List Archive: Xen: Devel

[linux-3.0 test] 12601: regressions - trouble: blocked/broken/fail/pass

 

 

Xen devel RSS feed   Index | Next | Previous | View Threaded


ian.jackson at eu

Apr 7, 2012, 12:09 PM

Post #1 of 1 (74 views)
Permalink
[linux-3.0 test] 12601: regressions - trouble: blocked/broken/fail/pass

flight 12601 linux-3.0 real [real]
http://www.chiark.greenend.org.uk/~xensrcts/logs/12601/

Regressions :-(

Tests which did not succeed and are blocking,
including tests which could not be run:
build-i386-pvops 2 host-install(2) broken REGR. vs. 12592
test-amd64-amd64-pv 5 xen-boot fail REGR. vs. 12592
test-amd64-amd64-xl-pcipt-intel 5 xen-boot fail REGR. vs. 12592
build-i386 2 host-install(2) broken REGR. vs. 12592
test-amd64-amd64-xl-winxpsp3 5 xen-boot fail REGR. vs. 12592
test-amd64-amd64-pair 8 xen-boot/dst_host fail REGR. vs. 12592
test-amd64-amd64-pair 7 xen-boot/src_host fail REGR. vs. 12592
test-amd64-amd64-xl-qemuu-winxpsp3 5 xen-boot fail REGR. vs. 12592
test-amd64-amd64-win 5 xen-boot fail REGR. vs. 12592
test-amd64-amd64-xl-win 5 xen-boot fail REGR. vs. 12592

Regressions which are regarded as allowable (not blocking):
test-amd64-amd64-xl-sedf 5 xen-boot fail REGR. vs. 12592

Tests which did not succeed, but are not blocking:
test-i386-i386-xl 1 xen-build-check(1) blocked n/a
test-amd64-i386-xl-credit2 1 xen-build-check(1) blocked n/a
test-i386-i386-pv 1 xen-build-check(1) blocked n/a
test-amd64-i386-rhel6hvm-amd 1 xen-build-check(1) blocked n/a
test-i386-i386-pair 1 xen-build-check(1) blocked n/a
test-amd64-i386-pair 1 xen-build-check(1) blocked n/a
test-amd64-i386-rhel6hvm-intel 1 xen-build-check(1) blocked n/a
test-amd64-i386-xl 1 xen-build-check(1) blocked n/a
test-amd64-i386-xl-multivcpu 1 xen-build-check(1) blocked n/a
test-amd64-i386-pv 1 xen-build-check(1) blocked n/a
test-i386-i386-win 1 xen-build-check(1) blocked n/a
test-amd64-i386-xend-winxpsp3 1 xen-build-check(1) blocked n/a
test-amd64-i386-win-vcpus1 1 xen-build-check(1) blocked n/a
test-amd64-amd64-xl-win7-amd64 5 xen-boot fail never pass
test-amd64-amd64-xl-qemuu-win7-amd64 5 xen-boot fail never pass
test-amd64-amd64-xl-sedf-pin 5 xen-boot fail never pass
test-amd64-amd64-xl 5 xen-boot fail never pass
test-amd64-i386-qemuu-rhel6hvm-amd 1 xen-build-check(1) blocked n/a
test-amd64-i386-qemuu-rhel6hvm-intel 1 xen-build-check(1) blocked n/a
test-amd64-i386-xl-win-vcpus1 1 xen-build-check(1) blocked n/a
test-amd64-i386-xl-winxpsp3-vcpus1 1 xen-build-check(1) blocked n/a
test-amd64-i386-xl-win7-amd64 1 xen-build-check(1) blocked n/a
test-amd64-i386-win 1 xen-build-check(1) blocked n/a
test-i386-i386-xl-win 1 xen-build-check(1) blocked n/a
test-i386-i386-xl-winxpsp3 1 xen-build-check(1) blocked n/a
test-i386-i386-xl-qemuu-winxpsp3 1 xen-build-check(1) blocked n/a

version targeted for testing:
linux 8aa122f38398503c72a83f15c815e84e6e6e6890
baseline version:
linux 02f8c6aee8df3cdc935e9bdd4f2d020306035dbe

jobs:
build-amd64 pass
build-i386 broken
build-amd64-pvops pass
build-i386-pvops broken
test-amd64-amd64-xl fail
test-amd64-i386-xl blocked
test-i386-i386-xl blocked
test-amd64-i386-rhel6hvm-amd blocked
test-amd64-i386-qemuu-rhel6hvm-amd blocked
test-amd64-amd64-xl-qemuu-win7-amd64 fail
test-amd64-amd64-xl-win7-amd64 fail
test-amd64-i386-xl-win7-amd64 blocked
test-amd64-i386-xl-credit2 blocked
test-amd64-amd64-xl-pcipt-intel fail
test-amd64-i386-rhel6hvm-intel blocked
test-amd64-i386-qemuu-rhel6hvm-intel blocked
test-amd64-i386-xl-multivcpu blocked
test-amd64-amd64-pair fail
test-amd64-i386-pair blocked
test-i386-i386-pair blocked
test-amd64-amd64-xl-sedf-pin fail
test-amd64-amd64-pv fail
test-amd64-i386-pv blocked
test-i386-i386-pv blocked
test-amd64-amd64-xl-sedf fail
test-amd64-i386-win-vcpus1 blocked
test-amd64-i386-xl-win-vcpus1 blocked
test-amd64-i386-xl-winxpsp3-vcpus1 blocked
test-amd64-amd64-win fail
test-amd64-i386-win blocked
test-i386-i386-win blocked
test-amd64-amd64-xl-win fail
test-i386-i386-xl-win blocked
test-amd64-amd64-xl-qemuu-winxpsp3 fail
test-i386-i386-xl-qemuu-winxpsp3 blocked
test-amd64-i386-xend-winxpsp3 blocked
test-amd64-amd64-xl-winxpsp3 fail
test-i386-i386-xl-winxpsp3 blocked


------------------------------------------------------------
sg-report-flight on woking.cam.xci-test.com
logs: /home/xc_osstest/logs
images: /home/xc_osstest/images

Logs, config files, etc. are available at
http://www.chiark.greenend.org.uk/~xensrcts/logs

Test harness code can be found at
http://xenbits.xensource.com/gitweb?p=osstest.git;a=summary


Not pushing.


_______________________________________________
Xen-devel mailing list
Xen-devel [at] lists
http://lists.xen.org/xen-devel

Xen devel RSS feed   Index | Next | Previous | View Threaded
 
 


Interested in having your list archived? Contact Gossamer Threads
 
  Web Applications & Managed Hosting Powered by Gossamer Threads Inc.